 (232 + -204)))?
23
What is the value of (20 - (4 + 35)) + -4 + -10?
-33
What is the value of -6 - 0 - (-99 - 2 - (18 + 30 + -66))?
77
Evaluate (-42 - -75) + -74 + 30.
-11
(-16 - -18) + (-8 + 2 - (-104 - -20))
80
What is the value of -29 + (50 - (-39 - (13 + -38)))?
35
(48 - 102) + (1 - 2) + 11 + -8
-52
What is -39 - 0 - (-3 + 11 + (3 - 5) + 1)?
-46
Calculate (7 - ((12 - -31) + -21)) + (51 - -4).
40
What is -42 + (-55 - -41) + (30 - 0)?
-26
Calculate -132 + (353 - 133 - 85).
3
0 + (79 - 39) + -14
26
What is 5 + 20 + -20 + (-1 - -4) + -7 + 31?
32
Calculate -2823 + 2822 + 1 + 42.
42
Calculate 6 - (-10 + (-3 - (10 - 29)) - -1).
-1
What is the value of (-182 - -72) + 142 + 63 + -3?
92
Calculate -41 - (523 - 551 - (1 - 6)).
-18
8 + 27 - -12 - 10 - (7 + 3)
27
Calculate 0 - -8 - (27 - (39 - 22) - -5).
-7
Evaluate 49 + 32 + -57 + -38 + 2.
-12
Calculate -57 + 87 + 35 + -14.
51
What is the value of 12 + -1 + 61 + (-64 - 37)?
-29
What is -1 - 94 - (-37 - (15 + (-24 - 20)))?
-87
What is 29 - (-11 - -111) - -35?
-36
What is the value of (6 - 18) + 14 + -20 + 4?
-14
What is (-2 - -3) + -6 + (119 - (14 - (-15 - -15)))?
100
Evaluate (-3 - 36) + -323 + 370 - (-27 - 1).
36
What is the value of (-1 + 125 - 0) + (127 + -80 + 28 - 80)?
119
Evaluate (2 - (-1 + -6)) + (35 - (59 + 25)).
-40
(5 + 10 - 4) + 2 + (-82 - (-40 + 22))
-51
What is the value of 21 + 30 + (22 + -2 - 29)?
42
Evaluate -54 + (-26 - 14) + 69.
-25
Evaluate -48 - -4 - (-63 - 26).
45
12 - (15 + -32) - (-354 + 415)
-32
67 - (1 - (-20 + -27))
19
What is (32 + -92 - 27) + 122?
35
Calculate (0 - 16) + (-241 - -251) - (-6 + -8 + -32).
40
What is (22 - 16) + (-4 - 0 - (55 - 62)) + 14?
23
What is the value of -3093 + 3033 + 23 + 1?
-36
Calculate (59 - (-19 + 53)) + -56.
-31
What is the value of (-25 + -50 - -15) + 116?
56
What is 0 + 8 - (69 + (34 - (42 + 51)))?
-2
Calculate -13 - ((97 - (-9 - (8 + -13))) + -9) - 14.
-119
What is (9 - -47) + (-56 - -21)?
21
What is -19 - (-1 - 26) - (-5 - -5)?
8
60 + (-16 - (-28 - (-6 - 16))) + -8
42
-38 + 47 + 22 - -14
45
What is -32 - (11 + 11 + -20 + 0 - -4)?
-38
Calculate 0 + 8 + (-67 - -69) - (12 - -1).
-3
What is the value of -55 + 39 + -11 - -79?
52
What is (-1826 + 1789 - (-15 - 1)) + (9 - 0) + 3?
-9
(-2 - -53) + -6 - -32
77
Calculate (59 - 104) + -7 - -48.
-4
What is -25 + -33 + 31 + 43?
16
Calculate -28 + (12 + -7 - 19 - (17 + -20)).
-39
(-2 - -3) + 3 + 43 + -16 + (-32 - -13)
12
22 + (13 - (-9 - -26)) - -11
29
What is the value of -31 + 66 + (-1 - 64)?
-30
(-15 - -1) + (-1 - -16) + (-29 - -14)
-14
What is 29 + (-23 - -31 - 0) + 1 + 10?
48
Evaluate (-15 - (38 - (118 - 23) - (0 - 9))) + -3.
30
(-2601 - -2604) + 1 + 40 + 4 + -6
42
What is the value of 0 + (1 - (-35 - -3)) + (557 - 539)?
51
Calculate -65 + (-71 - 3) - -98.
-41
Evaluate (-29 + -1 + 43 - (1 + 1)) + -61 + 2.
-48
What is the value of (469 - 364 - (-1 - 0 - -21)) + -4 + -3?
78
Calculate 3 + -2 - -14 - (2761 - 2736).
-10
What is 32 - (48 - 26) - (-93 + 11 + -3)?
95
What is the value of (107 - (-78 + 17)) + -59?
109
What is the value of (3 - (10 - 0)) + (19 - (16 + (-18 - -16)))?
-2
(-11 - -29 - 6) + 83 + -13
82
Calculate 34 - (1 + (-39 - -10)).
62
What is (31 + -10 - 13 - 11) + 2?
-1
6 - (-8 + -2 - (566 - 571))
11
Calculate 4 + (17 - 26 - -7) + -2 + -105 + 12.
-93
What is -408 + 366 + (-2 - -3)?
-41
-3 + (-26 - -27) + 1 + -7 - -38
30
Calculate -22 + (11 - 1) + 16 + (-17 - -33).
20
What is the value of -1887 - -1870 - (0 - (5 + -1))?
-13
What is 4 + 7 + (93 - (-8 - -14) - 17)?
81
What is the value of -108 + 134 + (-86 - -57)?
-3
Calculate 63 - (153 - 51) - -14.
-25
15 - (-9 - (-31 + 9)) - -10 - 16
-4
Calculate 61 - -21 - (-4 - -54).
32
-1 + 18 + 0 + (25 - (-1 + -11) - 34)
20
Calculate -395 + 404 + 2 + -21 + 2 + -10.
-18
What is (-1 - -2) + -14 + (-30 - ((41 - -20) + -39))?
-65
What is -7 - (4 + -6 + 34 + 17 + (3 - 14))?
-45
What is -208 + (412 - 205) - (1 + 2 + 69)?
-73
Calculate (650 - 690) + 1 + 41.
2
What is the value of 0 + (9 - 2) + (-97 - -191 - 40)?
61
What is the value of -68 + (-10 - 3) + (-57 - -80)?
-58
What is 0 + 1 + (-11 - -40 - (19 + -7))?
18
What is the value of 111 + (-62 - -21) + -19?
51
What is 85 - 77 - (3 + -5 + (-1 - 25))?
36
What is -14 + 73 + -22 + 14?
51
Evaluate (-3 - (-4 + 13 + 2)) + -71 + (134 - 87).
-38
What is the value of 21 + -11 + (5 + 15 + -1 - 12)?
17
Calculate 58 + -59 - (2 + -2 - -1) - -5 - -6.
9
What is the value of (2 - 1) + (35 + -54 - -58) + 7?
47
What is the value of -7 + 2 + 4 + (6 - (4 - -68)) + 1?
-66
18 - -33 - (94 + -31)
-12
Evaluate (26 - 154 - -15) + 57.
-56
-10 + (36 - (-2 + (6 - 19) + 8 - -13))
20
Evaluate -44 - (-29 - 51) - 72.
-36
What is the value of (-14 - 4) + (32 - 28) - (-7 + -2)?
-5
What is 79 + 1 - ((49 - (-9 + -27)) + -101)?
96
(9 - (12 + -15 + 10) - 0) + 39
41
Calculate (49 - 40 - (1 + -9)) + -14 - -19.
22
Evaluate (5 - (4 - 2)) + 49 - (0 - -4).
48
3 + -8 + -6 + -5 + 10 + 5
-1
Evaluate 1 + (-5 - 0 - -1) - (92 - 26 - -27).
-96
Calculate 10 - (12 + -12 + 0) - (-15 + 10).
15
-43 + (-58 + 8 - -144)
51
Calculate 7 - (8 - (-48 + 86)).
37
Calculate 73 + 0 - (133 - 153 - (5 + -9)).
89
What is 2 + 96 + -1106 + 1071?
63
71 + (-39 - (-27 + 68))
-9
Evaluate -2 + 16 + (-1 - -4) + -27 + -36 + 63.
17
Calculate 11 + -4 + (49 - 42 - -102).
116
Evaluate (803 - 777) + -41 + 1 + -33.
-47
What is the value of -12 + 43 + -52 + 27 + -1?
5
What is 986 + -988 + (1 - -1 - (9 - (-3 + 6)))?
-6
What is (33 - 31) + 15 + -8?
9
What is 9 + 34 + -19 + 9 + 15?
48
What is 106 - 99 - ((-12 - -13) + 5 + -2 + 0)?
3
9 + -17 + 6 + -6 + 5 - (-1 + 11)
-13
Evaluate (-24 - (-8 + 5)) + 94 + -111.
-38
What is -5 + (-5 - -8) + 42?
40
0 + (1391 + -1392 - (42 + 2 + -1))
-44
Calculate -79 + 61 + -47 + 28.
-37
-130 - -117 - ((-3 - -27) + -14 + 17)
-40
Calculate (-26 - 1) + 368 + -341 + -9 + 2.
-7
What is (22 - (28 - 11)) + 2 + 6 + -12 + 60?
61
What is the value of (-21 - (18 - 111)) + 20 + -28 + (3 - 4)?
63
Evaluate 43 + (10 - (5 - -13) - -12) + -6.
41
(2 + 3 - 68) + 17 + -36 + 17 + 13
-52
What is the value of 29 - -1 - (-7 + (-168 - -168 - (-6 + 1)))?
32
What is (2 - -6) + -32 + 5 - (-144 - -200)?
-75
What is the value of 6 - (19 - 29 - -14) - -24?
26
Calculate (4 - 74) + -5 + (1 - (10 + 0)).
-84
Calculate -14 + 3 + 1 - (-6781 - -6736).
35
Calculate -6 + 5 + 3 + -12 + 14 + 22.
26
Evaluate -72 - (-35 - (-41 - (-33 + 17))).
-62
Evaluate -81 - 1 - ((-1 - -1) + -133 + 110 + 34).
-93
Evaluate (846 - 893) + (60 - 0).
13
Evaluate 0 + (18 - -1 - (15 - (15 - 24 - -15))).
10
18 - (-5 + 23 + 34 - -33)
-67
-21 - (565 + -537 - (20 - -1))
-28
What is -8 + (-1 - 0) + -48 + (-27 - -14) + 11?
-59
What is the value of (16 - -3) + (283 - 340)?
-38
(3 - 50) + -419 + 512
46
What is the value of (4 + -75 - -53) + -75?
-93
What is -32 - (-76 - -40) - 53?
-49
What is 134 + 91 + 37 + -187?
75
-129 - (80 - 153) - -125
69
Calculate (-37 - -4) + (16 - (-28 + 28)) + -10.
-27
What is -8 - (-8 + 59) - -79?
20
Calculate (7 - (6 - -7) - 4) + (-1 - -3) + 15.
7
What is the value of -20 - ((-23 - 1) + (322 - 239))?
-79
(-3 - -1) + (81 - -17) - (13 - 18)
101
What is 17 - (7 - 6) - (183 - 189)?
22
What is 11 - -50 - 62 - -27?
26
What is the value of 19 - (25 + 2) - -63?
55
What is the value of -36 - (28 - (57 + -11))?
-18
-1404 + 1355 - (0 - 10)
-39
What is the value of 124 + -121 + -16 + 0 + -1 + 115?
101
17 + (30 - (-28 + 54) - (1 - -45))
-25
What is (6390 - 6317) + (-1 - 40)?
32
-5 - ((1 - (11 - 36)) + 10 + -20)
-21
What is the value of (-44 + 25 - -24) + (-1 - -9) + -5?
8
-53 + (11 - (118 - 173))
13
What is 54 - (1010 - 1016 - (-1 + 3 + 3))?
65
What is the value of -16 + (-2 - (-12 - ((-9 - -11) + 44)))?
40
Calculate 9 - ((4 - 25) + 11 + 119).
-100
Calculate -2 - (-10 + 21 + 2 + 2 + -29).
12
Evaluate 6 - (6 + (-8 - -3 - 1 - 1 - 13)).
20
What is -285 + 317 - (-2 - 5) - 11?
28
Calculate 96 + (-175 - -140) + 57.
118
(-26 - -8) + 53 + (-44 - -91)
82
Calculate (2 - 81 - -21) + 136 - (0 - (1 + 1)).
80
5 + (2 - 43) - (-112 + 122)
-46
What is (-60 - (-189 + 159 - (1 + -17))) + -8?
-54
What is the value of -66 + (-16 + 37 - -31) - (2 + 0 + -18)?
2
(8 - -10) + -15 + -2 + 54 + -2 + -1
52
What is the value of (1 - -8 - 1) + (57 - (52 - -20)) - -9?
2
What is the value of -214 + (109 - -95) + (-2 + 1 - -48)?
37
What is the value of -84 - 